der when 28 is divided by 15/(-4)*(w + -3).
13
Let j = -1 - -4. What is the remainder when 18 is divided by (0 + -3)*(-10)/j?
8
Suppose 2*x = x + 1, -4*x + 16 = 4*z. Let c(p) = p**2 - 4*p + 4. Let s be c(z). Calculate the remainder when 36 is divided by 2*(42/4 - s).
17
Let r = -2 + 6. What is the remainder when r is divided by 1?
0
Let v(l) = -3*l + 10. Calculate the remainder when 88 is divided by v(-7).
26
Let c = 12 - 12. Suppose -z - 3*z + 64 = c. Let i = -6 + 12. What is the remainder when z is divided by i?
4
Let z = 17 + -1. Calculate the remainder when 30 is divided by z.
14
Suppose -b + 5 = 4*b, 2*k = -4*b + 46. What is the remainder when 39 is divided by k?
18
Let o be ((-78)/(-4))/(9/12). Suppose o = 4*l + 10. Calculate the remainder when l is divided by 1.
0
Calculate the remainder when -4 - 1*(2 + -25) is divided by 15.
4
Suppose 0 = -2*z - 58 + 64. Suppose 0 = -2*n + 5*n + 9, 2*n + 51 = 5*c. What is the remainder when c is divided by z?
0
Let j be 1*(-8)/4 + 2. Suppose j = -f, 0 = 3*v - 2*f - 64 - 14. Calculate the remainder when v is divided by 7.
5
Let m(a) = 5 - 2 - 5 + 0*a + a**2 - 2*a. Calculate the remainder when 38 is divided by m(-3).
12
Let x(t) = t + 10. Let g be x(-7). Suppose -4*w - 5*z = -67, -4*z + g + 22 = w. Calculate the remainder when 50 is divided by w.
11
Let a = 22 - 14. Let w(l) be the third derivative of l**6/30 - l**5/15 + l**4/8 - l**2. Calculate the remainder when w(2) is divided by a.
6
Let b(j) = j**3 + 8*j**2 + 8*j - 1. What is the remainder when b(-6) is divided by 5?
3
Let p = 93 + -67. Calculate the remainder when 45 is divided by p.
19
Suppose -2*s - 3*c + 58 = 0, -s - 155 = -6*s - 5*c. Calculate the remainder when s is divided by 12.
11
Let v(g) = 0*g + g**2 + 2*g**2 + 3*g + 3 + 0. What is the remainder when v(-2) is divided by 6?
3
Suppose -x = -0*x - 3. What is the remainder when (-4)/16 - 51/(-12) is divided by x?
1
What is the remainder when (0 + 2)/(2/22) is divided by 8?
6
Let o be 1/(6/(-8) - -1). Calculate the remainder when 18 is divided by o/(-6) - 28/(-6).
2
Suppose -306 = 3*m - 9*m. Calculate the remainder when m is divided by 27.
24
Let h = -10 - -13. What is the remainder when 11 is divided by h?
2
Suppose -2*v = -4*d - 458, 3*v + 3*d + 296 = 983. Calculate the remainder when v is divided by 33.
31
Let b(h) = -h**2 - 3*h. Let i be b(4). Let d = 55 + i. Suppose -f - d = -4*f. Calculate the remainder when 17 is divided by f.
8
Let b = 32 + -6. Let m(q) = q**3 + 8*q**2 + 7*q + 9. Let k be m(-7). Suppose 54 = k*l - 3*l. What is the remainder when b is divided by l?
8
Suppose -2*y = y - 15. Suppose y*v = 2*d + 5, 0 = 4*d + v - 0 - 23. Calculate the remainder when ((-8)/3)/(2/(-6)) is divided by d.
3
Let w = 6 - 4. Let v be (-705)/(-65) - (-2)/13. Let r = -7 + v. Calculate the remainder when r is divided by w.
0
Suppose w + 7 = -37. Let n = w - -101. Calculate the remainder when n is divided by 15.
12
Let v = 35 + -15. What is the remainder when 38 is divided by v?
18
Let y = -10 + 13. Calculate the remainder when 9 is divided by y.
0
Suppose 77 = f + 5*i, f - i - 59 = -0*f. Calculate the remainder when f is divided by 11.
7
Let t = -17 - -25. What is the remainder when 31 is divided by t?
7
Let s be ((-2)/4)/(1/2). Let v = 19 + -6. What is the remainder when (s*2)/(2/(-37)) is divided by v?
11
Let y(h) = 2*h**3 - 2*h**2 - h + 1. Let k be y(2). Let c = 6 - k. What is the remainder when 56 is divided by (c/(-3))/((-3)/(-171))?
18
Suppose -d - 2*m + 18 = -73, 0 = 4*d + 3*m - 384. Calculate the remainder when d is divided by 25.
24
Suppose -5*i - 6 + 36 = 0. Calculate the remainder when 22 is divided by i.
4
Let o be 0/(7/(21/(-6))). Suppose w - 26 = -o. Calculate the remainder when w is divided by 7.
5
Suppose -6*z + 2 = -5*z. Let f = -14 - -21. What is the remainder when f is divided by z?
1
Calculate the remainder when 28 is divided by ((-117)/65)/(3/(-10)).
4
Suppose 1 = 4*x + 5*k + 3, -x - 6 = 4*k. Let i(b) = 8*b + 1. What is the remainder when 49 is divided by i(x)?
15
Let z = -20 + -2. What is the remainder when (1 + (-15)/6)*z is divided by 12?
9
Let v(j) = -j**3 + 20*j**2 - 19*j + 6. Calculate the remainder when 27 is divided by v(19).
3
Let m = -21 + 11. Calculate the remainder when 2/5 - 316/m is divided by 11.
10
Suppose 4 = 3*z - 2. Suppose n - 6*x + 1 = -7*x, 17 = 4*n - 3*x. What is the remainder when z is divided by n?
0
Suppose 3*z + 3 = -6. Calculate the remainder when 134 is divided by (z - -2)/(1/(-34)).
32
Let j = -8 - -9. Let s(b) = 19*b**2 - b. Calculate the remainder when s(j) is divided by 5.
3
Suppose 7*g - 32 - 80 = 0. Calculate the remainder when 31 is divided by g.
15
Let v(m) = -6*m**2 + 2*m - 1. Let s be v(1). Let b be 2/(-5) - 127/s. Let o = b - 16. Calculate the remainder when 16 is divided by o.
7
Suppose 8*b = 13*b - 85. What is the remainder when 29 is divided by b?
12
Suppose -4*u + 5*z - z = 92, 3*z - 111 = 5*u. Let q = -11 - u. Calculate the remainder when q is divided by 6.
4
Let d = 63 - 18. What is the remainder when d is divided by 24?
21
Let k = 29 - 13. What is the remainder when 61 is divided by k?
13
Suppose -2*y - 9 = -5*y. Let t be (10/y)/((-6)/(-9)). Suppose -t*x + 57 = -133. What is the remainder when x is divided by 20?
18
Suppose 6*y + 8 = 2*y. Calculate the remainder when 31 is divided by y*4/(16/(-34)).
14
Suppose 2*w = -0*p + p + 6, 4*p - 3*w + 4 = 0. Calculate the remainder when 3 is divided by p.
1
Suppose -5*c - 4*l + 101 = 0, -4*c + 5*l + 0*l + 48 = 0. Calculate the remainder when 31 is divided by c.
14
Calculate the remainder when 5 is divided by 3*(33/9 - 3).
1
Suppose 5 + 0 = -t. What is the remainder when 58 is divided by (t/(-3))/(1/12)?
18
Let c = -17 - -37. Calculate the remainder when 38 is divided by c.
18
Let h = -19 - -38. Let b = -12 + h. What is the remainder when b is divided by 4?
3
Suppose -5*g = t - 85, -3*t + 32 = -2*g - 308. Suppose 3*o + 0*y = -y + 89, 3*o = 4*y + 64. Calculate the remainder when t is divided by o.
26
Let b(d) = -13*d + 3. Let n be b(-5). Suppose -o - o = -n. Calculate the remainder when o is divided by 18.
16
Let c = -490 + 508. Suppose 15 = -5*l + 270. Calculate the remainder when l is divided by c.
15
Suppose 2*r - 30 = 7*r. Let x(m) = m**2 + 7*m + 8. Let f be x(r). What is the remainder when f/(-8 - 0)*-4 is divided by 1?
0
Let k(r) = -r**2 + 9*r + 5. Suppose -5*y + y = -12. Suppose -2*t + y = -t. What is the remainder when k(9) is divided by t?
2
Let p(o) = o**2 - 2*o + 2. Suppose 0 = 2*k - 5 - 5. Calculate the remainder when p(k) is divided by 5.
2
Let n(s) = 3*s**2 - 9*s - 13. Let j(z) = 7*z**2 - 18*z - 27. Let k(i) = 2*j(i) - 5*n(i). Calculate the remainder when 1 is divided by k(10).
0
Let i = 12 - 1. Suppose -4*g + 108 = 3*s, 23 = s - 0*g - 3*g. Calculate the remainder when s is divided by i.
10
Let w = 5 + 1. What is the remainder when 16 is divided by w?
4
Let h(o) = 6*o**2 - 4*o + 2. Suppose -4*m = 64 - 124. What is the remainder when h(3) is divided by m?
14
Let w = -22 + 34. What is the remainder when ((-4)/(-6))/(2/69) is divided by w?
11
Let c = -3 + 18. What is the remainder when 42 is divided by c?
12
Let t = 4 - -1. Suppose 0 = 6*l - 0*l - 84. What is the remainder when l is divided by t?
4
Calculate the remainder when 24 is divided by (60/9)/5 + (-23)/(-3).
6
Let n(z) = -z**3 + 8*z**2 + 10*z + 4. Calculate the remainder when n(8) is divided by 29.
26
Let j(f) = -f**3 - 6*f**2 + 5*f - 1. Let l = -6 + 10. Let o = 11 - l. What is the remainder when j(-7) is divided by o?
6
Let a(m) = -m**2 + 7*m + 2. Let s be a(6). Calculate the remainder when (-4)/s*-2*4 is divided by 2.
0
Let g = 1 + 21. What is the remainder when 63 is divided by g?
19
Let r(p) = 4*p + 2. Let s be r(4). Suppose 0 = -8*t + 6*t + s. What is the remainder when t is divided by 6?
3
Let c(x) = 5*x**2 - 3*x. Let i be c(3). Suppose -i = -4*d - 0. Calculate the remainder when 30/9*135/18 is divided by d.
7
Let l(j) = 3*j + 8. Let a be l(-6). Suppose -4*w + 75 = -s - 2, 0 = -2*s - 2. Calculate the remainder when w is divided by a/(1/(-2)*2).
9
Suppose 2*i = b + 1 + 5, -b = -i + 2. Suppose 0 = -2*h - 4*m - 16, 0 = 8*m - i*m + 20. Calculate the remainder when 9 is divided by (-10)/4*h/(-1).
4
Let y = -4 + 29. What 